{"id":2199,"date":"2017-06-06T19:40:10","date_gmt":"2017-06-06T17:40:10","guid":{"rendered":"https:\/\/veschber.myds.me\/wordpress\/?page_id=2199"},"modified":"2017-06-25T09:37:29","modified_gmt":"2017-06-25T07:37:29","slug":"wohnzimmer","status":"publish","type":"page","link":"https:\/\/veschber.myds.me\/wordpress\/wohnung\/wohnzimmer","title":{"rendered":"Wohnzimmer"},"content":{"rendered":"<p>Das Wohnzimmer ist der gr\u00f6\u00dfte Raum meiner Wohnung und ist ohne T\u00fcr vom Flur aus zug\u00e4nglich.<\/p>\nngg_shortcode_0_placeholder\n<p>&nbsp;<\/p>\n<p>An den gro\u00dfen nach S\u00fcden ausgerichteten Fenstern befindet sich ein elektrischer Rolladen.&nbsp;<\/p>\nngg_shortcode_1_placeholder\n<p>&nbsp;<\/p>\n<p>Mitte September 2013 ging es schlie\u00dflich zum Parkett raussuchen zur Fa. Leix nach Backnang. &nbsp;Ich suchte mir hier ein Parkett im Schiffsbodenstyle aus Yatoba (s\u00fcdamerikanische Kirsche) raus.&nbsp;<\/p>\nngg_shortcode_2_placeholder\n<p>&nbsp;<\/p>\n<p>Die Anlieferung des Parkettbodens erfolgte Anfang Dezember 2013 und die Verlegung Anfang Januar 2014.<\/p>\nngg_shortcode_3_placeholder\n<p>&nbsp;<\/p>\n<p>Die Schrankwand (von Ikea bestehend aus Besta und Framsta) sowie die Couch kam aus der alten Wohnung mit und wurde nur mit neuen Ger\u00e4ten best\u00fcckt. Dies waren ein neuer Blu-Ray Player (Samsung BD-F7500), neuer Fernseher (Samsung UE50F6270) und ein neuer Verst\u00e4rker (Pioneer VSX-923-K). Au\u00dferdem habe ich f\u00fcr die kabellose Verbindung der Surroundlautsprecher eine Teufel Rearstation 4 angeschafft.<\/p>\nngg_shortcode_4_placeholder\n<p>&nbsp;<\/p>\n<p>Alle Bilder der Galerie.<\/p>\nngg_shortcode_5_placeholder\n","protected":false},"excerpt":{"rendered":"<p>Das Wohnzimmer ist der gr\u00f6\u00dfte Raum meiner Wohnung und ist ohne T\u00fcr vom Flur aus zug\u00e4nglich. &#8220; order_by=&#8220;sortorder&#8220; order_direction=&#8220;ASC&#8220; returns=&#8220;included&#8220; maximum_entity_count=&#8220;500&#8243;] &nbsp; An den gro\u00dfen nach S\u00fcden ausgerichteten Fenstern befindet sich ein elektrischer Rolladen.&nbsp; &#8220; order_by=&#8220;sortorder&#8220; order_direction=&#8220;ASC&#8220; returns=&#8220;included&#8220; maximum_entity_count=&#8220;500&#8243;] &nbsp; Mitte September 2013 ging es schlie\u00dflich zum Parkett raussuchen zur Fa. Leix nach Backnang. &nbsp;Ich &hellip; <\/p>\n<p class=\"link-more\"><a href=\"https:\/\/veschber.myds.me\/wordpress\/wohnung\/wohnzimmer\" class=\"more-link\"><span class=\"screen-reader-text\">\u201eWohnzimmer\u201c <\/span>weiterlesen<\/a><\/p>\n","protected":false},"author":1,"featured_media":0,"parent":2189,"menu_order":3,"comment_status":"closed","ping_status":"closed","template":"","meta":{"inline_featured_image":false,"ngg_post_thumbnail":0,"footnotes":""},"class_list":["post-2199","page","type-page","status-publish","hentry"],"_links":{"self":[{"href":"https:\/\/veschber.myds.me\/wordpress\/wp-json\/wp\/v2\/pages\/2199","targetHints":{"allow":["GET"]}}],"collection":[{"href":"https:\/\/veschber.myds.me\/wordpress\/wp-json\/wp\/v2\/pages"}],"about":[{"href":"https:\/\/veschber.myds.me\/wordpress\/wp-json\/wp\/v2\/types\/page"}],"author":[{"embeddable":true,"href":"https:\/\/veschber.myds.me\/wordpress\/wp-json\/wp\/v2\/users\/1"}],"replies":[{"embeddable":true,"href":"https:\/\/veschber.myds.me\/wordpress\/wp-json\/wp\/v2\/comments?post=2199"}],"version-history":[{"count":9,"href":"https:\/\/veschber.myds.me\/wordpress\/wp-json\/wp\/v2\/pages\/2199\/revisions"}],"predecessor-version":[{"id":2517,"href":"https:\/\/veschber.myds.me\/wordpress\/wp-json\/wp\/v2\/pages\/2199\/revisions\/2517"}],"up":[{"embeddable":true,"href":"https:\/\/veschber.myds.me\/wordpress\/wp-json\/wp\/v2\/pages\/2189"}],"wp:attachment":[{"href":"https:\/\/veschber.myds.me\/wordpress\/wp-json\/wp\/v2\/media?parent=2199"}],"curies":[{"name":"wp","href":"https:\/\/api.w.org\/{rel}","templated":true}]}}