{"id":3086,"date":"2018-10-21T10:50:38","date_gmt":"2018-10-21T08:50:38","guid":{"rendered":"https:\/\/veschber.myds.me\/wordpress\/?page_id=3086"},"modified":"2018-10-21T10:51:28","modified_gmt":"2018-10-21T08:51:28","slug":"kraftheinz-company","status":"publish","type":"page","link":"https:\/\/veschber.myds.me\/wordpress\/kraftheinz-company","title":{"rendered":"KraftHeinz Company"},"content":{"rendered":"\n<figure class=\"wp-block-image is-resized\"><img loading=\"lazy\" decoding=\"async\" src=\"https:\/\/veschber.myds.me:443\/wordpress\/wp-content\/uploads\/2018\/10\/kraftHeinzLogo.png\" alt=\"\" class=\"wp-image-3087\" width=\"454\" height=\"272\" srcset=\"https:\/\/veschber.myds.me:443\/wordpress\/wp-content\/uploads\/2018\/10\/kraftHeinzLogo.png 1500w, https:\/\/veschber.myds.me:443\/wordpress\/wp-content\/uploads\/2018\/10\/kraftHeinzLogo-300x180.png 300w, https:\/\/veschber.myds.me:443\/wordpress\/wp-content\/uploads\/2018\/10\/kraftHeinzLogo-768x461.png 768w, https:\/\/veschber.myds.me:443\/wordpress\/wp-content\/uploads\/2018\/10\/kraftHeinzLogo-1024x614.png 1024w\" sizes=\"auto, (max-width: 454px) 100vw, 454px\" \/><\/figure>\n\n\n\n<p>Die KraftHeinz Company ist im Jahre 2015 aus den beiden selbst\u00e4ndigen Unternehmen Kraft Foods Group und\u00a0H. J. Heinz Company auf Wirken von Berkshire Hathaway entstanden.<\/p>\n\n\n\n<figure class=\"wp-block-image\"><img loading=\"lazy\" decoding=\"async\" width=\"2089\" height=\"800\" src=\"https:\/\/veschber.myds.me:443\/wordpress\/wp-content\/uploads\/2018\/10\/kraftlogolarge.jpg\" alt=\"\" class=\"wp-image-3088\" srcset=\"https:\/\/veschber.myds.me:443\/wordpress\/wp-content\/uploads\/2018\/10\/kraftlogolarge.jpg 2089w, https:\/\/veschber.myds.me:443\/wordpress\/wp-content\/uploads\/2018\/10\/kraftlogolarge-300x115.jpg 300w, https:\/\/veschber.myds.me:443\/wordpress\/wp-content\/uploads\/2018\/10\/kraftlogolarge-768x294.jpg 768w, https:\/\/veschber.myds.me:443\/wordpress\/wp-content\/uploads\/2018\/10\/kraftlogolarge-1024x392.jpg 1024w\" sizes=\"auto, (max-width: 767px) 89vw, (max-width: 1000px) 54vw, (max-width: 1071px) 543px, 580px\" \/><\/figure>\n\n\n\n<p>Das die Vereinigung der beiden noch nicht so lange her ist, schreibe ich zu beiden etwas. Zuerst einmal zu Kraft Foods Group. Das Unternehmen blickt auf eine mehr 100 j\u00e4hrige Geschichte zur\u00fcck. Es wurde einst von James Lewis Kraft als K\u00e4sehandel gegr\u00fcndet. 85 Jahre sp\u00e4ter (1988) wurde es von Philip Morris \u00fcbernommen und 2007 wieder abgespalten. In diesem Zuge bin ich auch zu den Aktien gekommen. Im selben Jahre wurde einige Marken von Danone \u00fcbernommen, sowie 2010 die britische Firma Cadbury. Im Jahre 2012 wurde dann das Nordamerikagesch\u00e4ft vom restlichen der Welt abgespalten und es entstand Mondelez.<\/p>\n\n\n\n<figure class=\"wp-block-image\"><img loading=\"lazy\" decoding=\"async\" width=\"2406\" height=\"1203\" src=\"https:\/\/veschber.myds.me:443\/wordpress\/wp-content\/uploads\/2018\/10\/HeinzLogo.jpg\" alt=\"\" class=\"wp-image-3089\" srcset=\"https:\/\/veschber.myds.me:443\/wordpress\/wp-content\/uploads\/2018\/10\/HeinzLogo.jpg 2406w, https:\/\/veschber.myds.me:443\/wordpress\/wp-content\/uploads\/2018\/10\/HeinzLogo-300x150.jpg 300w, https:\/\/veschber.myds.me:443\/wordpress\/wp-content\/uploads\/2018\/10\/HeinzLogo-768x384.jpg 768w, https:\/\/veschber.myds.me:443\/wordpress\/wp-content\/uploads\/2018\/10\/HeinzLogo-1024x512.jpg 1024w\" sizes=\"auto, (max-width: 767px) 89vw, (max-width: 1000px) 54vw, (max-width: 1071px) 543px, 580px\" \/><\/figure>\n\n\n\n<p>Die Firma Heinz wurde durch den Sohn deutscher Einwanderer im Jahre 1869 gegr\u00fcndet. Das mittlerweile ber\u00fchmte Heinz Ketchup wurde 1876 erfunden. Heinz wurde im Jahre 2013 von\u00a0Berkshire Hathaway \u00fcbernommen und in die Fusion mit Kraft eingebracht.<\/p>\n\n\n\n<p>Die Entwicklung der Dividende bei Kraft bzw. KraftHeinz.<\/p>\n\n\n\n<figure><iframe loading=\"lazy\" width=\"600\" height=\"371\" seamless frameborder=\"0\" scrolling=\"no\" src=\"https:\/\/docs.google.com\/spreadsheets\/d\/e\/2PACX-1vRdhtGwXn7wzbl5TcGF7iZkGoZZpUju13yrmjNpGIDmIyjrO0bco4pTvET7bLFzDcxoLyUP7QdYDzFl\/pubchart?oid=1963875104&amp;format=interactive\"><\/iframe><\/figure>\n\n\n\n<p>Die Entwicklung meiner Anteile und der Aussch\u00fcttung (Peak ist auf \u00dcbernahme zur\u00fcckzuf\u00fchren)<\/p>\n\n\n\n<figure><iframe loading=\"lazy\" width=\"600\" height=\"371\" seamless frameborder=\"0\" scrolling=\"no\" src=\"https:\/\/docs.google.com\/spreadsheets\/d\/e\/2PACX-1vRdhtGwXn7wzbl5TcGF7iZkGoZZpUju13yrmjNpGIDmIyjrO0bco4pTvET7bLFzDcxoLyUP7QdYDzFl\/pubchart?oid=2099168564&amp;format=interactive\"><\/iframe><\/figure>\n\n\n\n<h4 class=\"wp-block-heading\">Kraft Heinz Company Aktie<\/h4>\n\n\n\n<figure class=\"wp-block-image\"><a href=\"https:\/\/www.ariva.de\/kraft_heinz_company-aktie\"><img decoding=\"async\" src=\"https:\/\/www.ariva.de\/chart\/images\/arivachart?secu=121410094&amp;boerse_id=16&amp;t=3years&amp;displayLegend=0&amp;size=free&amp;width=720&amp;height=400&amp;antiAlias=1\" alt=\"Kraft Heinz Company Aktie Chart\"\/><\/a><\/figure>\n\n\n\n<p>Kursanbieter: <\/p>\n\n\n\n<figure class=\"wp-block-image\"><a href=\"http:\/\/www.ls-d.de\/\"><img decoding=\"async\" src=\"https:\/\/www.ariva.de\/i\/logo\/boersenplaetze\/16.png\" alt=\"L&amp;S RT\"\/><\/a><\/figure>\n\n\n\n<p>Link zu den <a href=\"http:\/\/ir.kraftheinzcompany.com\/stock-information\/dividend-history\">Dividenden <\/a>und einige weitere <a href=\"https:\/\/www.ariva.de\/kraft_heinz_company-aktie\/bilanz-guv\">Unternehmenszahlen<\/a><\/p>\n","protected":false},"excerpt":{"rendered":"<p>Die KraftHeinz Company ist im Jahre 2015 aus den beiden selbst\u00e4ndigen Unternehmen Kraft Foods Group und\u00a0H. J. Heinz Company auf Wirken von Berkshire Hathaway entstanden. Das die Vereinigung der beiden noch nicht so lange her ist, schreibe ich zu beiden etwas. Zuerst einmal zu Kraft Foods Group. Das Unternehmen blickt auf eine mehr 100 j\u00e4hrige &hellip; <\/p>\n<p class=\"link-more\"><a href=\"https:\/\/veschber.myds.me\/wordpress\/kraftheinz-company\" class=\"more-link\"><span class=\"screen-reader-text\">\u201eKraftHeinz Company\u201c <\/span>weiterlesen<\/a><\/p>\n","protected":false},"author":1,"featured_media":0,"parent":0,"menu_order":0,"comment_status":"closed","ping_status":"closed","template":"","meta":{"inline_featured_image":false,"ngg_post_thumbnail":0,"footnotes":""},"class_list":["post-3086","page","type-page","status-publish","hentry"],"_links":{"self":[{"href":"https:\/\/veschber.myds.me\/wordpress\/wp-json\/wp\/v2\/pages\/3086","targetHints":{"allow":["GET"]}}],"collection":[{"href":"https:\/\/veschber.myds.me\/wordpress\/wp-json\/wp\/v2\/pages"}],"about":[{"href":"https:\/\/veschber.myds.me\/wordpress\/wp-json\/wp\/v2\/types\/page"}],"author":[{"embeddable":true,"href":"https:\/\/veschber.myds.me\/wordpress\/wp-json\/wp\/v2\/users\/1"}],"replies":[{"embeddable":true,"href":"https:\/\/veschber.myds.me\/wordpress\/wp-json\/wp\/v2\/comments?post=3086"}],"version-history":[{"count":3,"href":"https:\/\/veschber.myds.me\/wordpress\/wp-json\/wp\/v2\/pages\/3086\/revisions"}],"predecessor-version":[{"id":3095,"href":"https:\/\/veschber.myds.me\/wordpress\/wp-json\/wp\/v2\/pages\/3086\/revisions\/3095"}],"wp:attachment":[{"href":"https:\/\/veschber.myds.me\/wordpress\/wp-json\/wp\/v2\/media?parent=3086"}],"curies":[{"name":"wp","href":"https:\/\/api.w.org\/{rel}","templated":true}]}}