{"id":3279,"date":"2018-11-18T09:42:20","date_gmt":"2018-11-18T08:42:20","guid":{"rendered":"https:\/\/veschber.myds.me\/wordpress\/?page_id=3279"},"modified":"2019-06-18T09:03:35","modified_gmt":"2019-06-18T07:03:35","slug":"procter-gamble-company","status":"publish","type":"page","link":"https:\/\/veschber.myds.me\/wordpress\/procter-gamble-company","title":{"rendered":"Procter &#038; Gamble Company"},"content":{"rendered":"\n<figure class=\"wp-block-image\"><img loading=\"lazy\" decoding=\"async\" width=\"1024\" height=\"1024\" src=\"https:\/\/veschber.myds.me:443\/wordpress\/wp-content\/uploads\/2018\/11\/2018_PGlogo-1024x1024.png\" alt=\"\" class=\"wp-image-3280\" srcset=\"https:\/\/veschber.myds.me:443\/wordpress\/wp-content\/uploads\/2018\/11\/2018_PGlogo-1024x1024.png 1024w, https:\/\/veschber.myds.me:443\/wordpress\/wp-content\/uploads\/2018\/11\/2018_PGlogo-150x150.png 150w, https:\/\/veschber.myds.me:443\/wordpress\/wp-content\/uploads\/2018\/11\/2018_PGlogo-300x300.png 300w, https:\/\/veschber.myds.me:443\/wordpress\/wp-content\/uploads\/2018\/11\/2018_PGlogo-768x769.png 768w, https:\/\/veschber.myds.me:443\/wordpress\/wp-content\/uploads\/2018\/11\/2018_PGlogo.png 1200w, https:\/\/veschber.myds.me:443\/wordpress\/wp-content\/uploads\/2018\/11\/2018_PGlogo-100x100.png 100w\" sizes=\"auto, (max-width: 767px) 89vw, (max-width: 1000px) 54vw, (max-width: 1071px) 543px, 580px\" \/><\/figure>\n\n\n\n<p>Die Geschichte von Procter &amp; Gamble beginnt im Jahre 1837 in Cincinnati. Man kann sie sehr ausf\u00fchrlich auf der <a href=\"https:\/\/de.pg.com\/de-DE\/ueber-pg-und-unsere-produkte\/pg-geschichte\/geschichte-von-pg-und-unserer-produkte\">Homepage <\/a>von P&amp;G nachlesen.<\/p>\n\n\n\n<p>Die Gr\u00fcnderv\u00e4ter von Procter &amp; Gamble:<\/p>\n\n\n\n<figure class=\"wp-block-image\"><img loading=\"lazy\" decoding=\"async\" width=\"542\" height=\"310\" src=\"https:\/\/veschber.myds.me:443\/wordpress\/wp-content\/uploads\/2019\/06\/pg_whoweare_heritage_historyofinnovation_founders_1837agreement-png.png\" alt=\"\" class=\"wp-image-3604\" srcset=\"https:\/\/veschber.myds.me:443\/wordpress\/wp-content\/uploads\/2019\/06\/pg_whoweare_heritage_historyofinnovation_founders_1837agreement-png.png 542w, https:\/\/veschber.myds.me:443\/wordpress\/wp-content\/uploads\/2019\/06\/pg_whoweare_heritage_historyofinnovation_founders_1837agreement-png-300x172.png 300w\" sizes=\"auto, (max-width: 542px) 100vw, 542px\" \/><\/figure>\n\n\n\n<p>Die Entwicklung meiner Aktien:<\/p>\n\n\n\n<figure><iframe loading=\"lazy\" width=\"600\" height=\"371\" seamless=\"\" frameborder=\"0\" scrolling=\"no\" src=\"https:\/\/docs.google.com\/spreadsheets\/d\/e\/2PACX-1vRdhtGwXn7wzbl5TcGF7iZkGoZZpUju13yrmjNpGIDmIyjrO0bco4pTvET7bLFzDcxoLyUP7QdYDzFl\/pubchart?oid=1673751057&amp;format=interactive\"><\/iframe><\/figure>\n\n\n\n<p>Die Entwicklung der Dividendensteigerung:<\/p>\n\n\n\n<iframe loading=\"lazy\" width=\"600\" height=\"371\" seamless=\"\" frameborder=\"0\" scrolling=\"no\" src=\"https:\/\/docs.google.com\/spreadsheets\/d\/e\/2PACX-1vRdhtGwXn7wzbl5TcGF7iZkGoZZpUju13yrmjNpGIDmIyjrO0bco4pTvET7bLFzDcxoLyUP7QdYDzFl\/pubchart?oid=1390354491&amp;format=interactive\"><\/iframe>\n\n\n\n<p>Die Aktienentwicklung der vergangenen 3 Jahre:<\/p>\n\n\n\n<figure class=\"wp-block-image\"><a href=\"https:\/\/www.ariva.de\/procter-gamble-aktie\"><img decoding=\"async\" src=\"https:\/\/www.ariva.de\/chart\/images\/arivachart?secu=419&amp;boerse_id=16&amp;t=3years&amp;displayLegend=0&amp;size=free&amp;width=720&amp;height=400&amp;antiAlias=1\" alt=\"Procter &amp; Gamble Aktie Chart\"\/><\/a><\/figure>\n\n\n\n<p>Kursanbieter: <\/p>\n\n\n\n<figure class=\"wp-block-image\"><a href=\"http:\/\/www.ls-d.de\/\"><img decoding=\"async\" src=\"https:\/\/www.ariva.de\/i\/logo\/boersenplaetze\/16.png\" alt=\"L&amp;S RT\"\/><\/a><\/figure>\n\n\n\n<figure class=\"wp-block-image\"><img decoding=\"async\" src=\"https:\/\/mms.businesswire.com\/media\/20190108005137\/en\/699078\/5\/Shareholder_return_infographic.jpg?download=1\" alt=\"\"\/><\/figure>\n","protected":false},"excerpt":{"rendered":"<p>Die Geschichte von Procter &amp; Gamble beginnt im Jahre 1837 in Cincinnati. Man kann sie sehr ausf\u00fchrlich auf der Homepage von P&amp;G nachlesen. Die Gr\u00fcnderv\u00e4ter von Procter &amp; Gamble: Die Entwicklung meiner Aktien: Die Entwicklung der Dividendensteigerung: Die Aktienentwicklung der vergangenen 3 Jahre: Kursanbieter:<\/p>\n","protected":false},"author":1,"featured_media":0,"parent":0,"menu_order":0,"comment_status":"closed","ping_status":"closed","template":"","meta":{"inline_featured_image":false,"ngg_post_thumbnail":0,"footnotes":""},"class_list":["post-3279","page","type-page","status-publish","hentry"],"_links":{"self":[{"href":"https:\/\/veschber.myds.me\/wordpress\/wp-json\/wp\/v2\/pages\/3279","targetHints":{"allow":["GET"]}}],"collection":[{"href":"https:\/\/veschber.myds.me\/wordpress\/wp-json\/wp\/v2\/pages"}],"about":[{"href":"https:\/\/veschber.myds.me\/wordpress\/wp-json\/wp\/v2\/types\/page"}],"author":[{"embeddable":true,"href":"https:\/\/veschber.myds.me\/wordpress\/wp-json\/wp\/v2\/users\/1"}],"replies":[{"embeddable":true,"href":"https:\/\/veschber.myds.me\/wordpress\/wp-json\/wp\/v2\/comments?post=3279"}],"version-history":[{"count":5,"href":"https:\/\/veschber.myds.me\/wordpress\/wp-json\/wp\/v2\/pages\/3279\/revisions"}],"predecessor-version":[{"id":3605,"href":"https:\/\/veschber.myds.me\/wordpress\/wp-json\/wp\/v2\/pages\/3279\/revisions\/3605"}],"wp:attachment":[{"href":"https:\/\/veschber.myds.me\/wordpress\/wp-json\/wp\/v2\/media?parent=3279"}],"curies":[{"name":"wp","href":"https:\/\/api.w.org\/{rel}","templated":true}]}}